*l + 2896. Let g be a(-44). Calculate h(g).
-53
Let u(d) = d**3 - 3*d**2 - 4*d - 3. Suppose 9*p + 7182 = -10*p. Let q = p - -382. Calculate u(q).
-3
Suppose -5*m = 2*f - 4, 2*f - f = -3*m + 2. Let t(i) be the second derivative of i**5/20 - i**3/6 - 2*i**2 - 6*i + 3. Determine t(m).
-4
Let c(f) = -6173*f - 1 + 12*f**2 + 6176*f + 8*f**2 - 19*f**2 + 3. Determine c(0).
2
Let n(x) = 9*x + 2. Let k(v) = -10*v - 3. Let r(z) = -3*k(z) - 4*n(z). Suppose -9*b = -5 - 22. Suppose -3*l + o = -6, 2*l - 2*o - b = 5*l. Determine r(l).
-5
Let p(f) = 5*f**3 - 155*f**2 - 29*f - 18. Let c(t) = -2*t**3 + 56*t**2 + 10*t + 6. Let v(r) = 11*c(r) + 4*p(r). Give v(-2).
6
Suppose 0 = -4*i - 3*s + s + 4, -12 = -i + 5*s. Let q be (i/3 + -1)*24/(-2). Let u(a) = 0*a**3 - 7*a**3 + 6*a**3 - 5*a**2 + q - a. Determine u(-5).
9
Suppose 0 = v + 2*p - 9, -4 = 14*p - 10*p. Let g(f) = 2*f**3 - 21*f**2 - 6*f - 2. Determine g(v).
53
Let l(f) = -25*f + 22*f**3 - 36*f**3 - 6*f**2 + 29*f - 6 + 13*f**3. What is l(-6)?
-30
Let s = -1 + 2. Let u = s - 1. Let q(m) = 29*m**2 - 5*m. Let j(i) = 24*i**2 - 4*i. Let h(r) = -6*j(r) + 5*q(r). Give h(u).
0
Suppose -19*m + 35*m = 192. Let o(z) = 13*z - 2. Let l(v) = 8*v - 1. Let k(h) = 5*l(h) - 3*o(h). Calculate k(m).
13
Let m(j) be the third derivative of -j**4/24 - j**3 + 5*j**2 + 843*j. Let c = 8 - 4. Suppose -c*h - 26 = -6. What is m(h)?
-1
Suppose 5*i + a - 47 = 0, -7*i + 1 = -8*i + 5*a. Let c(d) = -2*d - i + 8 - 2. Let g = -8 + 12. Give c(g).
-11
Let y(t) be the second derivative of t**5/20 + t**4/3 + 7*t**3/6 + 3*t**2 - 195*t - 2. What is y(-3)?
-6
Let n(f) = f**2 + 26*f + 47. Suppose -3*g = 2*h + 66, -9 = 15*h - 18*h. Determine n(g).
-1
Let h = 7191 - 172583/24. Let b(g) be the third derivative of -4/3*g**3 + 0 - h*g**4 + 0*g + 23*g**2. Determine b(0).
-8
Let r(o) = o + 3828 - 7585 + 3807. Calculate r(-26).
24
Let a(j) be the first derivative of j**4/6 - 3*j**3/2 - j**2/2 + 2. Let r(t) be the second derivative of a(t). Let p = 1795 - 1789. What is r(p)?
15
Suppose -2*i = 5*o - 10, 3*o - 1210 + 1208 = -2*i. Suppose -t - 3 = -2*t. Let z(q) = 2*q + 5*q**2 + 2*q**t + 0*q + 1 - q**3 + 0*q**3. Determine z(i).
-9
Let q(a) = -a + 1. Let r(x) be the third derivative of -6*x**2 + 7/6*x**3 + 0 + 1/8*x**4 - 4*x. Let n(d) = 2*q(d) + r(d). Calculate n(-6).
3
Suppose 0 = -1171*j + 1175*j - 4. Let r(q) = q**3 + 138*q**2 - 143*q**2 - q - 5*q - j. What is r(6)?
-1
Let s(f) = -7*f - 44. Suppose -53 = -23*l - 77 - 160. Give s(l).
12
Let i(n) = n**3 + 13*n**2 - 15*n**2 - 2*n + 14 + 3*n**2 - 8*n**2. Calculate i(7).
0
Let l = -4389 + 4391. Let z(u) be the third derivative of -1/60*u**5 - 5/24*u**4 + 0*u + 2/3*u**3 + 0 - 19*u**l. Calculate z(-5).
4
Let k(g) = -g**2 + 12*g + 7. Suppose 2*h - 2 = 0, 877 - 921 = -4*m + 4*h. What is k(m)?
7
Let y be ((-33)/6 + 5)*2. Let g(q) = q**3 + 3*q**2 - 7*q - 4. Let n(r) = -4*r**3 - 8*r**2 + 19*r + 11. Let f(v) = 8*g(v) + 3*n(v). Calculate f(y).
4
Let j(f) be the first derivative of f**3/3 - 11*f**2/2 - 10*f - 314. Suppose -50 = -2*o - 3*o. Give j(o).
-20
Suppose -51*n + 33*n + 54 = 0. Suppose 4*i + 54 = 6*i. Let f(x) = -15 + i - 2*x - x**n + 3*x**2 - 14 + 2*x**2. What is f(4)?
6
Let p = 19627 - 19645. Let c(l) = -l**3 - 19*l**2 - 14*l + 52. Determine c(p).
-20
Let l(d) be the first derivative of d**4/4 + 11*d**3/3 + 35*d**2/2 + 383*d + 6780. Give l(-11).
-2
Let b(u) = 8*u**3 - 12*u**2 - 15*u - 6. Let f(m) = 7*m**3 - 11*m**2 - 13*m - 5. Let a(c) = -6*b(c) + 7*f(c). Let d be 1/3 + (-56)/(-12). What is a(d)?
-4
Let n(k) be the second derivative of -1/20*k**5 - 1/12*k**4 + 0 + 30*k - 2*k**2 + 1/6*k**3. What is n(0)?
-4
Let b(n) = 1. Let k(m) = -m - 4. Let t(o) = -4*o + 13. Let u be t(3). Let f(y) = u*k(y) - 2*b(y). Give f(-6).
0
Let s(d) be the third derivative of -d**5/30 - 43*d**4/24 - 28*d**3/3 - 292*d**2 + 2. Calculate s(-20).
4
Let s(d) = 3*d - 3. Let o be (0 - 0)/(-1) + 21. Suppose -j = 4, 4*v + 2*j + 76 = -0*j. Let y = o + v. What is s(y)?
9
Let a(l) = 3*l + 3 + 21 - 3. Let x = -41933 + 41925. Determine a(x).
-3
Let c be 1*(2 - 3)*(2 + -4). Let p(y) = -4*y - 11. Let h(f) = -5*f - 13. Let j(x) = 5*h(x) - 6*p(x). Give j(c).
-1
Let r(p) be the second derivative of p**3/3 + p. Let y(s) = 39. Let m(q) = 7. Let w(j) = -11*m(j) + 2*y(j). Let x(f) = r(f) - w(f). Give x(-2).
-5
Let u(j) = -7*j**2 - j - 1. Let b be (45/30)/(2/(-32)*-12). Determine u(b).
-31
Let r(g) = 2*g**3 + 6*g**2 - 3*g - 2. Let u(f) = 5*f**3 + 14*f**2 - 7*f - 5. Let s = 129 + -136. Let n(h) = s*r(h) + 3*u(h). Give n(-2).
-9
Let s(t) = -36 + 274*t + 2*t**2 - 143*t - 3*t**2 - 123*t. Calculate s(6).
-24
Suppose -5 = -2*r + r. Suppose 3*q = -r*k + 32, -2*q = -4*q - 5*k + 28. Let c(z) be the first derivative of z**3/3 - 2*z**2 + 6*z + 7. Determine c(q).
6
Let q(c) be the second derivative of -1/12*c**4 - 1/2*c**2 - 15 - 13/6*c**3 - 4*c. Give q(-7).
41
Suppose -54*t - 2 = -55*t. Let k be -6*(-9)/(-27)*5/t. Let y(i) = i**3 + 5*i**2 + i + 2. Determine y(k).
-3
Suppose 4*s + 102 = -2*u, 47*u = 5*s + 46*u + 152. Let j(q) = 6*q + 163. What is j(s)?
-11
Let j be 0/((-14)/(-1 + -1)). Suppose j = -9*u + 17*u - 32. Let s(i) = i**2 - 5*i + 1. Determine s(u).
-3
Let a = 592 + -592. Let q(v) = 0 + 0*v**3 - 5*v**2 + 2 - 3*v + a - 5 - 2*v**3. What is q(-3)?
15
Let s(v) = -19*v**3 + v**2 + 5*v - 6. Suppose 3*c + o = 0, -c + o + 169 = 165. Give s(c).
-19
Let r(z) = 5*z + 1. Suppose 185 + 4 = -21*a. Let y be (a/18 + 0)*-2. What is r(y)?
6
Let b(q) = -7 + 19 + 3*q - q. Let c be 1*(-1200)/180*6/4. Give b(c).
-8
Let w(f) be the first derivative of f**5/20 - f**4/6 + 122*f**3/3 + 313. Let a(m) be the third derivative of w(m). Determine a(-3).
-22
Let o = 61 + -61. Suppose 0 = -2*k + 2*i + 3*i - 8, o = -3*i + 6. Let m be 4/(-18) - (k - 148/18). Let y(z) = z**3 - 8*z**2 + 7*z - 1. Determine y(m).
-1
Suppose -2*k - 3*i + 160 = 172, -5*i - 20 = 0. Let m be (-10)/(-5) + (-2)/(-2). Let b(g) = 0*g + 3*g**m + g - 4*g**3 - 1. What is b(k)?
-1
Suppose -4*q + 54 = 2*q. Suppose 2*a + 5 = 5*c - 7, -q = -3*c + 3*a. Suppose 10 = -2*v + s - 4, -c*s = -8. Let z(t) = -t**3 - 5*t**2 + 2*t + 7. Determine z(v).
-3
Let l(c) = -2249*c - 2252*c + 4490*c - 246. Determine l(-22).
-4
Let p(y) = 4*y**2 - 282*y - 11. Let g(b) = -3*b**2 + 205*b + 8. Let z(w) = -11*g(w) - 8*p(w). Let s = 3 - 6. Let m = -6 - s. Determine z(m).
6
Let w(y) = -y**2 + y. Let k = -62 + 59. Let o be 1/(-4) + (-3)/(36/k). Suppose d + 7 = 3*j, -d + o*d - 5 = -j. Give w(d).
-20
Suppose -3*p + 209 = -5*a + 185, -3*p + 6 = -2*a. Let g(x) = -x**2 + 3*x + 54. Give g(a).
0
Let a(q) = 128 + 5*q + 11*q**2 + 8*q**2 - 14*q**2 - 65 - 68. What is a(-3)?
25
Let m(b) = 3*b - 20. Suppose -5*n = -5*j + 50, 3 = -2*j + 5. Let s be (-42)/189 + ((-56)/n - -2). Give m(s).
4
Let f(z) = -z**3 - 8*z**2 + 10*z - 17. Let k(t) = 682*t + 12267. Let a be k(-18). Calculate f(a).
-26
Let l(c) = 44 + 2*c**2 + 37*c - c**2 - 2*c**2 - 49*c. Let w be l(-15). Let x(n) = -n**2 + 2*n + 1. Calculate x(w).
-2
Let l(t) = 7129 + 7081 + 22*t - 14382. Determine l(8).
4
Let a(z) = -z. Let r(x) = x**2 + 15*x + 14. Let y(v) = -5*a(v) - r(v). Let g be 11/((-726)/(-36)) - 696/66. Calculate y(g).
-14
Let v(c) be the second derivative of -13*c**3/3 + 36*c**2 + 8211*c. Determine v(4).
-32
Let n(z) be the third derivative of -2*z**5/15 + z**4/8 - z**3/3 + 35*z**2 + 23*z. Calculate n(3).
-65
Let a(t) = -t**3 - 6*t**2 - 7*t + 4. Let s = 7266 + -7272. Give a(s).
46
Let y(d) = 11*d - 44. Let c(o) = 54*o - 180. Let g(z) = -3*c(z) + 16*y(z). Calculate g(12).
4
Let q(m) be the first derivative of m**3/3 + 11*m**2/2 + 38*m - 1991. What is q(-7)?
10
Suppose 7 = -4*n + 59. Let r(h) = 3*h - 36. Let o be r(n). Suppose 4*x - o = 21. Let w(c) = -c - 1. Give w(x).
-7
Let a(x) = 12*x + 5 - 3 - 64*x**2 - 9*x - 7 + 4. What is a(1)?
-62
Let c(h) be the second derivative of -h**6/360 + h**4/12 - 7*h. Let n(y) be the third derivative of c(y). Let k be 42/(-12) - 1/(-2). Give n(k).
6
Let f(o) be the first derivative of o**6/120 + o**5/12 - o**4/12 - 5*o**3/6 - 5*o**2 + 3*o - 83. Let x(s) be the second derivative of f(s). What is x(-5)?
5
Let z(f) = 18*f + 6. Let p be (-6)/9*51/34*1. Give z(p).
-12
Let t be -4 + 5/((-35)/(-56)). Suppose -v + 11 = -t*q, -2*q - 33 = 8*v - 3*v. Let u(b) = b**3 + 5*b**2 - b - 1. Determine u